{"id":131,"date":"2020-03-26T17:56:00","date_gmt":"2020-03-26T16:56:00","guid":{"rendered":"http:\/\/preko-shop.be\/?post_type=product&#038;p=131"},"modified":"2026-02-20T15:55:19","modified_gmt":"2026-02-20T14:55:19","slug":"pads-preko-bio-18p","status":"publish","type":"product","link":"https:\/\/preko-shop.be\/index.php\/produit\/pads-preko-bio-18p\/","title":{"rendered":"Pads Preko Bio 18p"},"content":{"rendered":"<p>Pads compatibles Senseo &#8211; Intensit\u00e9 7<\/p>\n<p>Un caf\u00e9 Preko BIO, c\u2019est un caf\u00e9 bien \u00e9quilibr\u00e9, avec un bel ar\u00f4me et au final un go\u00fbt fruit\u00e9. C\u2019est un assemblage de caf\u00e9s de sp\u00e9cialit\u00e9 du Mexique et de Colombie, cultiv\u00e9s et r\u00e9colt\u00e9s suivant les normes de la certification des caf\u00e9s biologiques.<\/p>\n<div><\/div>\n","protected":false},"excerpt":{"rendered":"<p>Pads compatibles Senseo &#8211; Intensit\u00e9 7 Un caf\u00e9 Preko BIO, c\u2019est un caf\u00e9 bien \u00e9quilibr\u00e9, avec un bel ar\u00f4me et au final un go\u00fbt fruit\u00e9. C\u2019est un assemblage de caf\u00e9s de sp\u00e9cialit\u00e9 du Mexique et de Colombie, cultiv\u00e9s et r\u00e9colt\u00e9s suivant les normes de la certification des caf\u00e9s biologiques.<\/p>\n","protected":false},"featured_media":112,"comment_status":"open","ping_status":"closed","template":"","meta":[],"product_brand":[],"product_cat":[23],"product_tag":[],"class_list":{"0":"post-131","1":"product","2":"type-product","3":"status-publish","4":"has-post-thumbnail","6":"product_cat-capsules","8":"entry","9":"has-media","11":"first","12":"instock","13":"taxable","14":"shipping-taxable","15":"purchasable","16":"product-type-simple","17":"has-product-nav","18":"col","19":"span_1_of_3","20":"owp-content-center","21":"owp-thumbs-layout-horizontal","22":"owp-btn-normal","23":"owp-tabs-layout-horizontal","24":"has-no-thumbnails"},"yoast_head":"<!-- This site is optimized with the Yoast SEO plugin v27.3 - https:\/\/yoast.com\/product\/yoast-seo-wordpress\/ -->\n<title>Pads Preko Bio 18p - Caf\u00e9s Preko<\/title>\n<meta name=\"robots\" content=\"index, follow, max-snippet:-1, max-image-preview:large, max-video-preview:-1\" \/>\n<link rel=\"canonical\" href=\"https:\/\/preko-shop.be\/index.php\/produit\/pads-preko-bio-18p\/\" \/>\n<meta property=\"og:locale\" content=\"fr_FR\" \/>\n<meta property=\"og:type\" content=\"article\" \/>\n<meta property=\"og:title\" content=\"Pads Preko Bio 18p - Caf\u00e9s Preko\" \/>\n<meta property=\"og:description\" content=\"Pads compatibles Senseo &#8211; Intensit\u00e9 7 Un caf\u00e9 Preko BIO, c\u2019est un caf\u00e9 bien \u00e9quilibr\u00e9, avec un bel ar\u00f4me et au final un go\u00fbt fruit\u00e9. C\u2019est un assemblage de caf\u00e9s de sp\u00e9cialit\u00e9 du Mexique et de Colombie, cultiv\u00e9s et r\u00e9colt\u00e9s suivant les normes de la certification des caf\u00e9s biologiques.\" \/>\n<meta property=\"og:url\" content=\"https:\/\/preko-shop.be\/index.php\/produit\/pads-preko-bio-18p\/\" \/>\n<meta property=\"og:site_name\" content=\"Caf\u00e9s Preko\" \/>\n<meta property=\"article:publisher\" content=\"https:\/\/www.facebook.com\/CafesPreko\" \/>\n<meta property=\"article:modified_time\" content=\"2026-02-20T14:55:19+00:00\" \/>\n<meta property=\"og:image\" content=\"https:\/\/preko-shop.be\/wp-content\/uploads\/2020\/03\/PADSBIO-scaled.jpeg\" \/>\n\t<meta property=\"og:image:width\" content=\"2560\" \/>\n\t<meta property=\"og:image:height\" content=\"1919\" \/>\n\t<meta property=\"og:image:type\" content=\"image\/jpeg\" \/>\n<meta name=\"twitter:card\" content=\"summary_large_image\" \/>\n<script type=\"application\/ld+json\" class=\"yoast-schema-graph\">{\"@context\":\"https:\\\/\\\/schema.org\",\"@graph\":[{\"@type\":\"WebPage\",\"@id\":\"https:\\\/\\\/preko-shop.be\\\/index.php\\\/produit\\\/pads-preko-bio-18p\\\/\",\"url\":\"https:\\\/\\\/preko-shop.be\\\/index.php\\\/produit\\\/pads-preko-bio-18p\\\/\",\"name\":\"Pads Preko Bio 18p - Caf\u00e9s Preko\",\"isPartOf\":{\"@id\":\"https:\\\/\\\/preko-shop.be\\\/#website\"},\"primaryImageOfPage\":{\"@id\":\"https:\\\/\\\/preko-shop.be\\\/index.php\\\/produit\\\/pads-preko-bio-18p\\\/#primaryimage\"},\"image\":{\"@id\":\"https:\\\/\\\/preko-shop.be\\\/index.php\\\/produit\\\/pads-preko-bio-18p\\\/#primaryimage\"},\"thumbnailUrl\":\"https:\\\/\\\/preko-shop.be\\\/wp-content\\\/uploads\\\/2020\\\/03\\\/PADSBIO-scaled.jpeg\",\"datePublished\":\"2020-03-26T16:56:00+00:00\",\"dateModified\":\"2026-02-20T14:55:19+00:00\",\"breadcrumb\":{\"@id\":\"https:\\\/\\\/preko-shop.be\\\/index.php\\\/produit\\\/pads-preko-bio-18p\\\/#breadcrumb\"},\"inLanguage\":\"fr-FR\",\"potentialAction\":[{\"@type\":\"ReadAction\",\"target\":[\"https:\\\/\\\/preko-shop.be\\\/index.php\\\/produit\\\/pads-preko-bio-18p\\\/\"]}]},{\"@type\":\"ImageObject\",\"inLanguage\":\"fr-FR\",\"@id\":\"https:\\\/\\\/preko-shop.be\\\/index.php\\\/produit\\\/pads-preko-bio-18p\\\/#primaryimage\",\"url\":\"https:\\\/\\\/preko-shop.be\\\/wp-content\\\/uploads\\\/2020\\\/03\\\/PADSBIO-scaled.jpeg\",\"contentUrl\":\"https:\\\/\\\/preko-shop.be\\\/wp-content\\\/uploads\\\/2020\\\/03\\\/PADSBIO-scaled.jpeg\",\"width\":2560,\"height\":1919},{\"@type\":\"BreadcrumbList\",\"@id\":\"https:\\\/\\\/preko-shop.be\\\/index.php\\\/produit\\\/pads-preko-bio-18p\\\/#breadcrumb\",\"itemListElement\":[{\"@type\":\"ListItem\",\"position\":1,\"name\":\"Accueil\",\"item\":\"https:\\\/\\\/preko-shop.be\\\/\"},{\"@type\":\"ListItem\",\"position\":2,\"name\":\"Boutique\",\"item\":\"https:\\\/\\\/preko-shop.be\\\/index.php\\\/boutique\\\/\"},{\"@type\":\"ListItem\",\"position\":3,\"name\":\"Pads Preko Bio 18p\"}]},{\"@type\":\"WebSite\",\"@id\":\"https:\\\/\\\/preko-shop.be\\\/#website\",\"url\":\"https:\\\/\\\/preko-shop.be\\\/\",\"name\":\"Caf\u00e9s Preko - Boutique caf\u00e9 et barista\",\"description\":\"Boutique Caf\u00e9 et Barista\",\"publisher\":{\"@id\":\"https:\\\/\\\/preko-shop.be\\\/#organization\"},\"potentialAction\":[{\"@type\":\"SearchAction\",\"target\":{\"@type\":\"EntryPoint\",\"urlTemplate\":\"https:\\\/\\\/preko-shop.be\\\/?s={search_term_string}\"},\"query-input\":{\"@type\":\"PropertyValueSpecification\",\"valueRequired\":true,\"valueName\":\"search_term_string\"}}],\"inLanguage\":\"fr-FR\"},{\"@type\":\"Organization\",\"@id\":\"https:\\\/\\\/preko-shop.be\\\/#organization\",\"name\":\"Caf\u00e9s Preko\",\"url\":\"https:\\\/\\\/preko-shop.be\\\/\",\"logo\":{\"@type\":\"ImageObject\",\"inLanguage\":\"fr-FR\",\"@id\":\"https:\\\/\\\/preko-shop.be\\\/#\\\/schema\\\/logo\\\/image\\\/\",\"url\":\"https:\\\/\\\/preko-shop.be\\\/wp-content\\\/uploads\\\/2020\\\/03\\\/cropped-logo_preko_0-5.png\",\"contentUrl\":\"https:\\\/\\\/preko-shop.be\\\/wp-content\\\/uploads\\\/2020\\\/03\\\/cropped-logo_preko_0-5.png\",\"width\":842,\"height\":232,\"caption\":\"Caf\u00e9s Preko\"},\"image\":{\"@id\":\"https:\\\/\\\/preko-shop.be\\\/#\\\/schema\\\/logo\\\/image\\\/\"},\"sameAs\":[\"https:\\\/\\\/www.facebook.com\\\/CafesPreko\",\"https:\\\/\\\/www.instagram.com\\\/cafespreko\\\/?hl=fr\"]}]}<\/script>\n<!-- \/ Yoast SEO plugin. -->","yoast_head_json":{"title":"Pads Preko Bio 18p - Caf\u00e9s Preko","robots":{"index":"index","follow":"follow","max-snippet":"max-snippet:-1","max-image-preview":"max-image-preview:large","max-video-preview":"max-video-preview:-1"},"canonical":"https:\/\/preko-shop.be\/index.php\/produit\/pads-preko-bio-18p\/","og_locale":"fr_FR","og_type":"article","og_title":"Pads Preko Bio 18p - Caf\u00e9s Preko","og_description":"Pads compatibles Senseo &#8211; Intensit\u00e9 7 Un caf\u00e9 Preko BIO, c\u2019est un caf\u00e9 bien \u00e9quilibr\u00e9, avec un bel ar\u00f4me et au final un go\u00fbt fruit\u00e9. C\u2019est un assemblage de caf\u00e9s de sp\u00e9cialit\u00e9 du Mexique et de Colombie, cultiv\u00e9s et r\u00e9colt\u00e9s suivant les normes de la certification des caf\u00e9s biologiques.","og_url":"https:\/\/preko-shop.be\/index.php\/produit\/pads-preko-bio-18p\/","og_site_name":"Caf\u00e9s Preko","article_publisher":"https:\/\/www.facebook.com\/CafesPreko","article_modified_time":"2026-02-20T14:55:19+00:00","og_image":[{"width":2560,"height":1919,"url":"https:\/\/preko-shop.be\/wp-content\/uploads\/2020\/03\/PADSBIO-scaled.jpeg","type":"image\/jpeg"}],"twitter_card":"summary_large_image","schema":{"@context":"https:\/\/schema.org","@graph":[{"@type":"WebPage","@id":"https:\/\/preko-shop.be\/index.php\/produit\/pads-preko-bio-18p\/","url":"https:\/\/preko-shop.be\/index.php\/produit\/pads-preko-bio-18p\/","name":"Pads Preko Bio 18p - Caf\u00e9s Preko","isPartOf":{"@id":"https:\/\/preko-shop.be\/#website"},"primaryImageOfPage":{"@id":"https:\/\/preko-shop.be\/index.php\/produit\/pads-preko-bio-18p\/#primaryimage"},"image":{"@id":"https:\/\/preko-shop.be\/index.php\/produit\/pads-preko-bio-18p\/#primaryimage"},"thumbnailUrl":"https:\/\/preko-shop.be\/wp-content\/uploads\/2020\/03\/PADSBIO-scaled.jpeg","datePublished":"2020-03-26T16:56:00+00:00","dateModified":"2026-02-20T14:55:19+00:00","breadcrumb":{"@id":"https:\/\/preko-shop.be\/index.php\/produit\/pads-preko-bio-18p\/#breadcrumb"},"inLanguage":"fr-FR","potentialAction":[{"@type":"ReadAction","target":["https:\/\/preko-shop.be\/index.php\/produit\/pads-preko-bio-18p\/"]}]},{"@type":"ImageObject","inLanguage":"fr-FR","@id":"https:\/\/preko-shop.be\/index.php\/produit\/pads-preko-bio-18p\/#primaryimage","url":"https:\/\/preko-shop.be\/wp-content\/uploads\/2020\/03\/PADSBIO-scaled.jpeg","contentUrl":"https:\/\/preko-shop.be\/wp-content\/uploads\/2020\/03\/PADSBIO-scaled.jpeg","width":2560,"height":1919},{"@type":"BreadcrumbList","@id":"https:\/\/preko-shop.be\/index.php\/produit\/pads-preko-bio-18p\/#breadcrumb","itemListElement":[{"@type":"ListItem","position":1,"name":"Accueil","item":"https:\/\/preko-shop.be\/"},{"@type":"ListItem","position":2,"name":"Boutique","item":"https:\/\/preko-shop.be\/index.php\/boutique\/"},{"@type":"ListItem","position":3,"name":"Pads Preko Bio 18p"}]},{"@type":"WebSite","@id":"https:\/\/preko-shop.be\/#website","url":"https:\/\/preko-shop.be\/","name":"Caf\u00e9s Preko - Boutique caf\u00e9 et barista","description":"Boutique Caf\u00e9 et Barista","publisher":{"@id":"https:\/\/preko-shop.be\/#organization"},"potentialAction":[{"@type":"SearchAction","target":{"@type":"EntryPoint","urlTemplate":"https:\/\/preko-shop.be\/?s={search_term_string}"},"query-input":{"@type":"PropertyValueSpecification","valueRequired":true,"valueName":"search_term_string"}}],"inLanguage":"fr-FR"},{"@type":"Organization","@id":"https:\/\/preko-shop.be\/#organization","name":"Caf\u00e9s Preko","url":"https:\/\/preko-shop.be\/","logo":{"@type":"ImageObject","inLanguage":"fr-FR","@id":"https:\/\/preko-shop.be\/#\/schema\/logo\/image\/","url":"https:\/\/preko-shop.be\/wp-content\/uploads\/2020\/03\/cropped-logo_preko_0-5.png","contentUrl":"https:\/\/preko-shop.be\/wp-content\/uploads\/2020\/03\/cropped-logo_preko_0-5.png","width":842,"height":232,"caption":"Caf\u00e9s Preko"},"image":{"@id":"https:\/\/preko-shop.be\/#\/schema\/logo\/image\/"},"sameAs":["https:\/\/www.facebook.com\/CafesPreko","https:\/\/www.instagram.com\/cafespreko\/?hl=fr"]}]}},"_links":{"self":[{"href":"https:\/\/preko-shop.be\/index.php\/wp-json\/wp\/v2\/product\/131","targetHints":{"allow":["GET"]}}],"collection":[{"href":"https:\/\/preko-shop.be\/index.php\/wp-json\/wp\/v2\/product"}],"about":[{"href":"https:\/\/preko-shop.be\/index.php\/wp-json\/wp\/v2\/types\/product"}],"replies":[{"embeddable":true,"href":"https:\/\/preko-shop.be\/index.php\/wp-json\/wp\/v2\/comments?post=131"}],"wp:featuredmedia":[{"embeddable":true,"href":"https:\/\/preko-shop.be\/index.php\/wp-json\/wp\/v2\/media\/112"}],"wp:attachment":[{"href":"https:\/\/preko-shop.be\/index.php\/wp-json\/wp\/v2\/media?parent=131"}],"wp:term":[{"taxonomy":"product_brand","embeddable":true,"href":"https:\/\/preko-shop.be\/index.php\/wp-json\/wp\/v2\/product_brand?post=131"},{"taxonomy":"product_cat","embeddable":true,"href":"https:\/\/preko-shop.be\/index.php\/wp-json\/wp\/v2\/product_cat?post=131"},{"taxonomy":"product_tag","embeddable":true,"href":"https:\/\/preko-shop.be\/index.php\/wp-json\/wp\/v2\/product_tag?post=131"}],"curies":[{"name":"wp","href":"https:\/\/api.w.org\/{rel}","templated":true}]}}

<p>Pads compatibles Senseo &#8211; Intensité 7</p>
<p>Un café Preko BIO, c’est un café bien équilibré, avec un bel arôme et au final un goût fruité. C’est un assemblage de cafés de spécialité du Mexique et de Colombie, cultivés et récoltés suivant les normes de la certification des cafés biologiques.</p>
<div></div>

<p>Pads compatibles Senseo &#8211; Intensité 7 Un café Preko BIO, c’est un café bien équilibré, avec un bel arôme et au final un goût fruité. C’est un assemblage de cafés de spécialité du Mexique et de Colombie, cultivés et récoltés suivant les normes de la certification des cafés biologiques.</p>

<!-- This site is optimized with the Yoast SEO plugin v27.3 - https://yoast.com/product/yoast-seo-wordpress/ -->
<title>Pads Preko Bio 18p - Cafés Preko</title>
<meta name="robots" content="index, follow, max-snippet:-1, max-image-preview:large, max-video-preview:-1" />
<link rel="canonical" href="https://preko-shop.be/index.php/produit/pads-preko-bio-18p/" />
<meta property="og:locale" content="fr_FR" />
<meta property="og:type" content="article" />
<meta property="og:title" content="Pads Preko Bio 18p - Cafés Preko" />
<meta property="og:description" content="Pads compatibles Senseo &#8211; Intensité 7 Un café Preko BIO, c’est un café bien équilibré, avec un bel arôme et au final un goût fruité. C’est un assemblage de cafés de spécialité du Mexique et de Colombie, cultivés et récoltés suivant les normes de la certification des cafés biologiques." />
<meta property="og:url" content="https://preko-shop.be/index.php/produit/pads-preko-bio-18p/" />
<meta property="og:site_name" content="Cafés Preko" />
<meta property="article:publisher" content="https://www.facebook.com/CafesPreko" />
<meta property="article:modified_time" content="2026-02-20T14:55:19+00:00" />
<meta property="og:image" content="https://preko-shop.be/wp-content/uploads/2020/03/PADSBIO-scaled.jpeg" />
	<meta property="og:image:width" content="2560" />
	<meta property="og:image:height" content="1919" />
	<meta property="og:image:type" content="image/jpeg" />
<meta name="twitter:card" content="summary_large_image" />
<script type="application/ld+json" class="yoast-schema-graph">{"@context":"https:\/\/schema.org","@graph":[{"@type":"WebPage","@id":"https:\/\/preko-shop.be\/index.php\/produit\/pads-preko-bio-18p\/","url":"https:\/\/preko-shop.be\/index.php\/produit\/pads-preko-bio-18p\/","name":"Pads Preko Bio 18p - Cafés Preko","isPartOf":{"@id":"https:\/\/preko-shop.be\/#website"},"primaryImageOfPage":{"@id":"https:\/\/preko-shop.be\/index.php\/produit\/pads-preko-bio-18p\/#primaryimage"},"image":{"@id":"https:\/\/preko-shop.be\/index.php\/produit\/pads-preko-bio-18p\/#primaryimage"},"thumbnailUrl":"https:\/\/preko-shop.be\/wp-content\/uploads\/2020\/03\/PADSBIO-scaled.jpeg","datePublished":"2020-03-26T16:56:00+00:00","dateModified":"2026-02-20T14:55:19+00:00","breadcrumb":{"@id":"https:\/\/preko-shop.be\/index.php\/produit\/pads-preko-bio-18p\/#breadcrumb"},"inLanguage":"fr-FR","potentialAction":[{"@type":"ReadAction","target":["https:\/\/preko-shop.be\/index.php\/produit\/pads-preko-bio-18p\/"]}]},{"@type":"ImageObject","inLanguage":"fr-FR","@id":"https:\/\/preko-shop.be\/index.php\/produit\/pads-preko-bio-18p\/#primaryimage","url":"https:\/\/preko-shop.be\/wp-content\/uploads\/2020\/03\/PADSBIO-scaled.jpeg","contentUrl":"https:\/\/preko-shop.be\/wp-content\/uploads\/2020\/03\/PADSBIO-scaled.jpeg","width":2560,"height":1919},{"@type":"BreadcrumbList","@id":"https:\/\/preko-shop.be\/index.php\/produit\/pads-preko-bio-18p\/#breadcrumb","itemListElement":[{"@type":"ListItem","position":1,"name":"Accueil","item":"https:\/\/preko-shop.be\/"},{"@type":"ListItem","position":2,"name":"Boutique","item":"https:\/\/preko-shop.be\/index.php\/boutique\/"},{"@type":"ListItem","position":3,"name":"Pads Preko Bio 18p"}]},{"@type":"WebSite","@id":"https:\/\/preko-shop.be\/#website","url":"https:\/\/preko-shop.be\/","name":"Cafés Preko - Boutique café et barista","description":"Boutique Café et Barista","publisher":{"@id":"https:\/\/preko-shop.be\/#organization"},"potentialAction":[{"@type":"SearchAction","target":{"@type":"EntryPoint","urlTemplate":"https:\/\/preko-shop.be\/?s={search_term_string}"},"query-input":{"@type":"PropertyValueSpecification","valueRequired":true,"valueName":"search_term_string"}}],"inLanguage":"fr-FR"},{"@type":"Organization","@id":"https:\/\/preko-shop.be\/#organization","name":"Cafés Preko","url":"https:\/\/preko-shop.be\/","logo":{"@type":"ImageObject","inLanguage":"fr-FR","@id":"https:\/\/preko-shop.be\/#\/schema\/logo\/image\/","url":"https:\/\/preko-shop.be\/wp-content\/uploads\/2020\/03\/cropped-logo_preko_0-5.png","contentUrl":"https:\/\/preko-shop.be\/wp-content\/uploads\/2020\/03\/cropped-logo_preko_0-5.png","width":842,"height":232,"caption":"Cafés Preko"},"image":{"@id":"https:\/\/preko-shop.be\/#\/schema\/logo\/image\/"},"sameAs":["https:\/\/www.facebook.com\/CafesPreko","https:\/\/www.instagram.com\/cafespreko\/?hl=fr"]}]}</script>
<!-- / Yoast SEO plugin. -->

Pads Preko Bio 18p - Cafés Preko

Pads compatibles Senseo &#8211; Intensité 7 Un café Preko BIO, c’est un café bien équilibré, avec un bel arôme et au final un goût fruité. C’est un assemblage de cafés de spécialité du Mexique et de Colombie, cultivés et récoltés suivant les normes de la certification des cafés biologiques.

Cafés Preko

Cafés Preko - Boutique café et barista

Boutique Café et Barista
